{"id":42,"date":"2020-05-18T13:49:12","date_gmt":"2020-05-18T13:49:12","guid":{"rendered":"http:\/\/www.europack.pentayazilim.net\/?page_id=42"},"modified":"2020-06-04T08:01:29","modified_gmt":"2020-06-04T08:01:29","slug":"insan-kaynaklari-politikamiz","status":"publish","type":"page","link":"https:\/\/www.europack.com\/insan-kaynaklari-politikamiz\/","title":{"rendered":"\u0130nsan Kaynaklar\u0131 Politikam\u0131z"},"content":{"rendered":"<p>En iyiyi hedefleyen, m\u00fc\u015fterilerine kaliteli hizmet vermeyi ama\u00e7 edinen <strong>EuroPack<\/strong> bilgi payla\u015f\u0131m\u0131 ve yenilik\u00e7i d\u00fc\u015f\u00fcnceyi ilke edinen \u00e7al\u0131\u015fan profili olu\u015fturmak amac\u0131ndad\u0131r.<\/p>\n<p>Bu hedeflerini ger\u00e7ekle\u015ftirmek isterken;<\/p>\n<ul>\n<li>\u015eirketin ama\u00e7lar\u0131n\u0131 ger\u00e7ekle\u015ftirmek \u00fczere yapaca\u011f\u0131 faaliyetleri, optimum say\u0131da personelle yerine getirmeyi,<\/li>\n<li>\u0130\u015fin \u00f6zelli\u011fine uygun yetkinlikte personelin se\u00e7imi ve g\u00f6revlendirilmesini ger\u00e7ekle\u015ftirmeyi,<\/li>\n<li>Personelin ki\u015fili\u011fine \u00f6nem vermek ve sayg\u0131 duymak; maddi ve manevi haklar\u0131n korunmas\u0131n\u0131 g\u00f6zetmeyi,<\/li>\n<li>Yap\u0131lan g\u00f6revin niteli\u011fine uygun ve g\u00fcvenli \u00e7al\u0131\u015fma olanaklar\u0131n\u0131 sa\u011flamay\u0131,<\/li>\n<li>Personelin \u00e7al\u0131\u015fma iste\u011fini ve g\u00fcc\u00fcn\u00fc artt\u0131r\u0131c\u0131 nitelikte i\u015f ortam\u0131 ve sosyal ili\u015fkiler kurulmas\u0131 i\u00e7in olanak sa\u011flamay\u0131,<\/li>\n<li>Personele yeteneklerine g\u00f6re \u00e7al\u0131\u015fma, yeti\u015fme ve geli\u015fme y\u00f6n\u00fcnden adil ve e\u015fit olanaklar sa\u011flamay\u0131,<\/li>\n<li>Hizmetin gerektirdi\u011fi nitelik ve say\u0131da insan g\u00fcc\u00fcn\u00fcn bulunmas\u0131na imkan veren, personelin ilgi ve verimini yitirmeksizin g\u00f6reve devam\u0131n\u0131 \u00f6zendiren \u00fccret ve \u00f6zl\u00fck haklar\u0131 sistemini kurmay\u0131,<\/li>\n<li>Personeli kendilerini ilgilendiren konularda zaman\u0131nda bilgilendirmek, personelin g\u00f6r\u00fc\u015f ve fikirlerini y\u00f6netime kolayl\u0131kla aktarabilecekleri ileti\u015fim kanallar\u0131n\u0131 olu\u015fturmay\u0131,<\/li>\n<li>Personeli yarat\u0131c\u0131 d\u00fc\u015f\u00fcnmeye ve \u015firket faaliyetlerinin geli\u015fimine katk\u0131 sa\u011flayacak yeni fikirler \u00fcretmeye \u00f6zendirmeyi,<\/li>\n<li>\u015eirketin kurumsal k\u00fclt\u00fcr ve kimli\u011finin korunarak geli\u015ftirilebilmesi amac\u0131yla, bo\u015f kadrolara m\u00fcmk\u00fcn oldu\u011fu \u00f6l\u00e7\u00fcde \u00f6ncelikle \u015firket i\u00e7inden atama yapmak, \u00e7al\u0131\u015fanlar\u0131 beceri, ki\u015filik, ba\u015far\u0131, tahsil ve hizmet s\u00fcrelerini dikkate alarak terfi ettirmeyi,<\/li>\n<li>Personeli objektif kriterlere g\u00f6re ve hakkaniyet \u00f6l\u00e7\u00fcleri i\u00e7erisinde de\u011ferlendirecek performans ve kariyer sistemini kurmak ve uygulama konular\u0131ndaki temel ilkeleri esas almaktad\u0131r.<\/li>\n<\/ul>\n","protected":false},"excerpt":{"rendered":"<p>En iyiyi hedefleyen, m\u00fc\u015fterilerine kaliteli hizmet vermeyi ama\u00e7 edinen EuroPack bilgi payla\u015f\u0131m\u0131 ve yenilik\u00e7i d\u00fc\u015f\u00fcnceyi ilke edinen \u00e7al\u0131\u015fan profili olu\u015fturmak amac\u0131ndad\u0131r. Bu hedeflerini ger\u00e7ekle\u015ftirmek isterken; \u015eirketin ama\u00e7lar\u0131n\u0131 ger\u00e7ekle\u015ftirmek \u00fczere yapaca\u011f\u0131 faaliyetleri, optimum say\u0131da personelle yerine getirmeyi, \u0130\u015fin \u00f6zelli\u011fine uygun yetkinlikte personelin se\u00e7imi ve g\u00f6revlendirilmesini ger\u00e7ekle\u015ftirmeyi, Personelin ki\u015fili\u011fine \u00f6nem vermek ve sayg\u0131 duymak; maddi ve manevi [&hellip;]<\/p>\n","protected":false},"author":2,"featured_media":0,"parent":0,"menu_order":0,"comment_status":"closed","ping_status":"closed","template":"","meta":[],"_links":{"self":[{"href":"https:\/\/www.europack.com\/wp-json\/wp\/v2\/pages\/42"}],"collection":[{"href":"https:\/\/www.europack.com\/wp-json\/wp\/v2\/pages"}],"about":[{"href":"https:\/\/www.europack.com\/wp-json\/wp\/v2\/types\/page"}],"author":[{"embeddable":true,"href":"https:\/\/www.europack.com\/wp-json\/wp\/v2\/users\/2"}],"replies":[{"embeddable":true,"href":"https:\/\/www.europack.com\/wp-json\/wp\/v2\/comments?post=42"}],"version-history":[{"count":0,"href":"https:\/\/www.europack.com\/wp-json\/wp\/v2\/pages\/42\/revisions"}],"wp:attachment":[{"href":"https:\/\/www.europack.com\/wp-json\/wp\/v2\/media?parent=42"}],"curies":[{"name":"wp","href":"https:\/\/api.w.org\/{rel}","templated":true}]}}

İnsan Kaynakları Politikamız

<p>En iyiyi hedefleyen, müşterilerine kaliteli hizmet vermeyi amaç edinen <strong>EuroPack</strong> bilgi paylaşımı ve yenilikçi düşünceyi ilke edinen çalışan profili oluşturmak amacındadır.</p>
<p>Bu hedeflerini gerçekleştirmek isterken;</p>
<ul>
<li>Şirketin amaçlarını gerçekleştirmek üzere yapacağı faaliyetleri, optimum sayıda personelle yerine getirmeyi,</li>
<li>İşin özelliğine uygun yetkinlikte personelin seçimi ve görevlendirilmesini gerçekleştirmeyi,</li>
<li>Personelin kişiliğine önem vermek ve saygı duymak; maddi ve manevi hakların korunmasını gözetmeyi,</li>
<li>Yapılan görevin niteliğine uygun ve güvenli çalışma olanaklarını sağlamayı,</li>
<li>Personelin çalışma isteğini ve gücünü arttırıcı nitelikte iş ortamı ve sosyal ilişkiler kurulması için olanak sağlamayı,</li>
<li>Personele yeteneklerine göre çalışma, yetişme ve gelişme yönünden adil ve eşit olanaklar sağlamayı,</li>
<li>Hizmetin gerektirdiği nitelik ve sayıda insan gücünün bulunmasına imkan veren, personelin ilgi ve verimini yitirmeksizin göreve devamını özendiren ücret ve özlük hakları sistemini kurmayı,</li>
<li>Personeli kendilerini ilgilendiren konularda zamanında bilgilendirmek, personelin görüş ve fikirlerini yönetime kolaylıkla aktarabilecekleri iletişim kanallarını oluşturmayı,</li>
<li>Personeli yaratıcı düşünmeye ve şirket faaliyetlerinin gelişimine katkı sağlayacak yeni fikirler üretmeye özendirmeyi,</li>
<li>Şirketin kurumsal kültür ve kimliğinin korunarak geliştirilebilmesi amacıyla, boş kadrolara mümkün olduğu ölçüde öncelikle şirket içinden atama yapmak, çalışanları beceri, kişilik, başarı, tahsil ve hizmet sürelerini dikkate alarak terfi ettirmeyi,</li>
<li>Personeli objektif kriterlere göre ve hakkaniyet ölçüleri içerisinde değerlendirecek performans ve kariyer sistemini kurmak ve uygulama konularındaki temel ilkeleri esas almaktadır.</li>
</ul>

<p>En iyiyi hedefleyen, müşterilerine kaliteli hizmet vermeyi amaç edinen EuroPack bilgi paylaşımı ve yenilikçi düşünceyi ilke edinen çalışan profili oluşturmak amacındadır. Bu hedeflerini gerçekleştirmek isterken; Şirketin amaçlarını gerçekleştirmek üzere yapacağı faaliyetleri, optimum sayıda personelle yerine getirmeyi, İşin özelliğine uygun yetkinlikte personelin seçimi ve görevlendirilmesini gerçekleştirmeyi, Personelin kişiliğine önem vermek ve saygı duymak; maddi ve manevi [&hellip;]</p>
